8 + -75 - (-10 - 11)?
-6
17 - (21 - 5) - -8
9
Calculate 18 - ((2 - -1 - 4) + 2 + 6).
11
Calculate 33 + -33 + (-3 - (-3 - (1 + 1))).
2
Evaluate (-21 - -1) + 10 - (-8 + -3 + 1).
0
Calculate -11 - 6 - (-21 + (34 - 16)).
-14
Evaluate -11 + -7 + -5 + 10.
-13
What is -18 - (6 - -1 - (19 + -11 - 12))?
-29
-2 + (5 - (5 - 8 - -15))
-9
What is 15 + (41 - 76) - -34?
14
4 - (3 - (-13 + 17)) - 34
-29
What is (-2 - 1 - 2) + 37 + -47?
-15
Evaluate 2 - (1 - (-2 - (2 + 0))) - 6.
-9
7 - (-25 + 11 - -48)
-27
What is 11 + -1 + (7 - 30)?
-13
What is 12 - (-19 - -17) - 11?
3
What is the value of -14 - (6 - (-1 + 7 + (-53 - -47)))?
-20
What is -17 - -1 - (-23 - -12)?
-5
Evaluate 10 + -13 + 4 - 1 - (-4 + -2).
6
What is -20 + 32 + 7 + (2 - -4)?
25
Evaluate 18 - (16 + (7 - 12)).
7
Calculate 62 + -56 - (4 + -7).
9
What is -4 + 7 + (-6 - (0 - 12)) - 3?
6
Calculate -2 + -170 + 180 + 4 + -3 + 0.
9
What is (21 - (-4 - -4)) + -358 + 349?
12
What is (-93 - (32 + -95)) + 10 + 0 + 0?
-20
What is 52 + -64 - ((-4 - -2) + -30)?
20
Calculate 8 + (-19 - -5) - 5.
-11
Evaluate (4 - -4) + -59 + 46.
-5
What is (5 - 15) + (0 - -4) + 2 + -7?
-11
Calculate 0 - 9 - (-31 - (-1 - 11)).
10
Evaluate 8 - (-18 + (10 - -11)).
5
Evaluate (18 - (7 - -2)) + -7 - -6.
8
Calculate -3 + (-2 - 2) + (-7 - -4) + 26.
16
67 - 45 - (8 - -2)
12
Calculate 0 + 4 - (-31 + 7 + 17).
11
Calculate -24 + (12 - -12) - 6.
-6
10 - 1 - (1 + -1) - (568 + -562)
3
Calculate 17 + -5 - (-3 - -29).
-14
(-9 - (-3 + -11)) + -3 - -1
3
Calculate -17 + (5 + -15 - -11) + -1 + -4.
-21
0 - (9 + -3 + -1 + (75 - 81))
1
Evaluate 71 + -51 + (2 + 0 - 8).
14
Evaluate 58 + -54 + -8 + (-1 - -2) + -8.
-11
What is -154 - -141 - (-26 - 0)?
13
Calculate -3 + -8 - -3 - (8 - 5 - 23).
12
What is 24 - 2 - (-10 + -1 - (-86 + 64))?
11
Evaluate (-23 - -18 - (0 + 2)) + 1.
-6
(23 - (14 + -11 + 6)) + -17
-3
Evaluate 17 - 23 - -21 - -2.
17
What is the value of (12 - 18) + 5 - -1?
0
-4 + (17 - (4 - (-12 + 21)))
18
What is 0 + 2 + -1 + 2 + -1?
2
-10 + 20 + -25 + 11
-4
(3 + -5 - -11) + (-23 - -9)
-5
Calculate (27 + -8 - 0) + -51.
-32
Calculate -2 - -2 - (6 + -6).
0
What is the value of 1 + (10 - 0 - (-37 - -54) - -2)?
-4
Evaluate -11 - (52 + -55 + -1 + 10).
-17
Calculate -5 - (7 + 0) - (-4 - (0 + 6)).
-2
Evaluate -7 + (51 + -55 - (2 + 0)).
-13
Evaluate -8 + 7 + (11 - 6).
4
Calculate (-10 - 34) + 22 - -25 - (1 - -13).
-11
What is the value of 4 + -40 + (40 - -7)?
11
What is the value of -3 + (-19 - (-4 + (-8 - -5)))?
-15
Calculate 9 + (6 - -1) + (-7 - (6 - 7)).
10
What is -23 + 20 - -17 - 1?
13
-2 + 1 - (-17 - (32 + -47))
1
What is the value of 5 + 2 + (4 - 7 - -23)?
27
-1 + 9 + (-643 - -614)
-21
What is 3 - (-8 + -9 + 22)?
-2
Evaluate -21 + 84 + -34 + -44.
-15
What is 9 - (18 + -1 - (150 + -164))?
-22
Evaluate (1 + -1 - 2) + 800 + -791.
7
What is -9 - (-19 + 13) - -7?
4
What is the value of -6 + (6 - (16 + 15 + -15))?
-16
Evaluate 10 - 1 - (6 + 1).
2
What is 39 + -22 + (-8 - (-2 + -2 + 1))?
12
What is -29 + (2 + (9 - 4) - -5)?
-17
What is the value of 1 - -2 - (162 - 150) - (-1 + -8)?
0
What is the value of -43 + -35 + -10 + 48?
-40
Calculate -14 + (5 - -14 - 8).
-3
What is the value of 5 + 1 + (6 - -6 - 1)?
17
Evaluate -14 + (6 - 1) + 7.
-2
What is the value of (19 - 19) + 24 + (11 - 5)?
30
14 + -2 + 2 + 9 + 43 + -48
18
What is 71 + -107 - (-62 - -2)?
24
Calculate 2 + -13 + (10 - (-13 + 15)).
-3
What is the value of -34 - -5 - (-14 - 1)?
-14
Calculate (-4 - -9) + -1 - ((13 - 19) + 5).
5
Calculate -15 + (-66 - -68) + (-1 - -6).
-8
What is the value of -7 - (-11 + 9 - ((-3 - 6) + -1))?
-15
Calculate (39 - 28) + 5 + (4 - 0).
20
What is -19 + -1 - (2 - 5)?
-17
What is 41 + -69 + 30 - (3 + (1 - -1))?
-3
Calculate -1 + (2 - -5 - -2) + 2 + -1.
9
What is 1 - 5 - (-3 + 13 - 4) - -6?
-4
(-1 + -5 - (-3 - (-1 - -10))) + -17
-11
(-34 - 0 - -3) + (-97 - -105)
-23
Calculate 3 + 2 + ((5 - 10) + 0 - -1).
1
What is -2 + -19 + 36 - ((4 - 4) + -1)?
16
What is the value of 3 - (8 - -1 - (-1 + 2 + 0))?
-5
What is -13 - (9 + (-12 - -6))?
-16
(1 - (-4 + 0)) + (26 - 46 - -30)
15
Calculate (17 - 6) + 9 + -27.
-7
227 - 249 - (-3 - (-2 - -12))
-9
-6 - (24 - 29) - -13
12
What is 21 + 2 + -15 + -4?
4
What is (14 - (34 + -19)) + 4 + (-16 - 3)?
-16
What is (-20 - (-35 + 19)) + -5?
-9
What is the value of 1 + 6 - 2 - (5 + -20 + 10)?
10
Evaluate 2 + -7 + (-3 - 2).
-10
Calculate -8 + 21 + (-22 - -5) - (1 + -25).
20
What is -1261 + 1285 - (38 - 1)?
-13
What is 5 + (-6 - (6 - 0)) + 2 + 2?
-3
Calculate -17 + -2 + 1 + -148 + 154.
-12
Evaluate 4 + (-3 - (0 + -7)) - 15.
-7
Calculate 0 + -2 + -11 + 105 + -105.
-13
Calculate 7 + 13 + (6 - 15).
11
Evaluate 3 + -6 - 7 - -16.
6
Evaluate 2 + 2 + -5 + 5 + -1.
3
0 + -6 - (17 + 12 + -23)
-12
What is the value of (-46 - (0 + -43)) + (0 - (0 - -3))?
-6
What is the value of (332 - 330) + (-7 - (2 - 2 - 1))?
-4
1 + -1 + (-100 - -88) - -17
5
-9 - -14 - (7 - (5 - 2))
1
(-3 - 5) + -12 + 13 - (1 + -31)
23
What is the value of 31 + (-58 - -30) + -15?
-12
What is (12 - (-3 - -9)) + 3 + (-5 - -1)?
5
What is (29 - 31) + (-3 - -3) + 12?
10
Evaluate 1 + (3 - 1) + -8 + 52 + -47.
0
Evaluate -589 - -592 - ((-2 + 2 - -1) + 15).
-13
Calculate (5 - 26) + -6 + 3.
-24
-23 - -5 - (0 - 5)
-13
8 + 2 + -3 + (-81 - -73)
-1
Calculate (19 - 33) + 27 - (10 + 0).
3
What is the value of 8 + (-1 - (3 - 6))?
10
What is the value of 12 - (3 - 7 - (-24 - -28))?
20
Calculate (1 - 0) + (2 + 3 - -5 - 2).
9
Calculate (-4 + 21 + -8 + -5 - -1) + -22.
-17
What is the value of (5 - ((-12 - 5) + 5)) + -34?
-17
What is -1 - (-28 + -7 + (4 - (4 + -12)))?
22
Evaluate -12 - (3 + (-3 - (8 + -6)) + 3).
-13
Calculate -542 + 558 - (-1 - -3 - -35).
-21
Calculate 7 + (-1 + 10 - 7) - 0 - 22.
-13
What is 3 + 2 + 31 + -44?
-8
What is the value of (3 - -4) + 1 + -3 + -4 + -8?
-7
What is the value of -13 + -7 - -26 - -6?
12
Evaluate (6 - -4) + -50 + 22.
-18
What is the value of -10 + 17 + -2 + -2 + 5?
8
Calculate -34 - -44 - (-10 + 48 + -1).
-27
(14 - -17) + -7 + (-10 - -5)
19
What is 35 + (22 - 7 - 34)?
16
What is (11 - (4 - 16)) + -6 + 1 + 4?
22
What is (8 - 34 - -10) + -3 + (8 - 4)?
-15
Evaluate (467 - 472) + -1 + 28.
22
-11 + 7 + -7 - ((8 - 1) + -5)
-13
What is the value of -21 + 27 + -8 + 8?
6
What is the value of (16 - -3) + -381 + 353?
-9
Calculate 0 - ((7 + 0 - (69 + -57)) + 1).
4
16 + -37 + 6 - -16
1
What is 1 + -18 - (30 + -47 - -15)?
-15
What is 8 + -4 + 19 + -9?
14
11 - (4 + (-9 - -2) + 24)
-10
(-3 + -35 - -4) + 18
-16
8 - (6 - -11) - (-3 + -1)
-5
Calculate 117 + -91 + (0 - 15).
11
Evaluate -2 + 24 + 1 - 19 - (23 + 0).
-19
What is 203 + -191 - (1 - 1)?
12
What is -12 + (-6 - (13 - 19))?
-12
What is the value of 9 + -2 - (-129 + 147) - -18?
7
What is the value of 3 + (15 - 7) - (42 + -46)?
15
30 - (-3 - -13 - -7)
13
Calculate 13 - (-11 + 10 - -5).
9
What is the value of -4 - 2 - (4 + 11 + -18)?
-3
What is the value of -13 - (10 + (8 - 27)) - (0 - 13)?
9
What is (-38 - 6) + 32 - (16 - 1)?
-27
12 - (-9 - 3 - -21 - 14)
17
(4 - (-1 + (-7 - -3))) + 0 + 0
9
Calculate 9 - (-6 + 2 + 9 - 3 - 2).
9
Evaluate 2 + (8 - (7 + 1)) + 11.
13
14 + 12 + -16 + -1
9
Evaluate 7 + -24 + 10 + 0 - -12.
5
Calculate 51 + 0 + 671 + -713.
9
Calculate -2 - (6 - (22 + -15)).
-1
Evaluate -5 + 2 + 5 + -9 - (6 + 0).
-13
-14 - (4 - 2) - (-197 - -187)
-6
Evaluate (-4 - -27) + -17 - 24.
-18
What is 2 + (-1 - 1) + (8 - 10)?
-2
(-7 - -4 - -13) + -3 - -15
22
What is the value of 10 + ((-5 - -1) + (-5 - -13) - 8)?
6
Evaluate (1 - (2 + (-6 - -7))) + (55 - 42).
11
What is (173 + -160 - (0 + 1 - -5)) + -5?
2
Calculate 43 + -33 + -12 - 31.
-33
14 + -15 - (-11 - -13)
-3
Evaluate 5 - 0 - (124 - 120).
1
What is 0 + (3 - 5) + -1 - 6?
-9
-12 - (8 + (-9 - (-6 + 6)))
-11
What is -21 + -3 - -17 - (-6 + -9)?
8
What is (2 + -8 - (5 + (2 - 6))) + 9?
2
Evaluate 5 + -2 + -7 + 5 + -3 + -1.
-3
What is the value of 4 - (17 + (14 - 24))?
-3
Evaluate -4 - (-2 + -5) - 2 - 10.
-9
What is -10 + 7 + 8 + -3?
2
What is -10 - (6 + (-3 + -7 - -8))?
-14
Calculate (6 - (-13 + 18)) + (-17 - -1).
-15
-1 + -6 - (-16 + 14 - -17 - 22)
0
Calculate (3 - (2 + -1)) + 7 - -1 - -2.
12
-26 + 36 + -11 + 0
-1
Evaluate -1 + -3 - 1 - (115 - 103).
-17
What is the value of (3 - (-7 + 3)) + (24 - 17)?
14
Calculate 54 - ((118 - 42) + -42).
20
Evaluate 14 + 17 + (-10 - 41).
-20
Evaluate (7 - 2) +